 of 179568 and 11008?
688
What is the highest common divisor of 92 and 1952?
4
Calculate the highest common factor of 225754 and 6.
2
What is the greatest common factor of 42 and 292047?
21
Calculate the highest common divisor of 4092 and 68.
4
What is the highest common divisor of 76257 and 333?
333
What is the greatest common factor of 796607 and 217?
217
What is the highest common factor of 55 and 329582?
11
What is the highest common factor of 204092 and 296?
148
Calculate the greatest common factor of 8142 and 736.
46
What is the greatest common divisor of 1560 and 25272?
312
What is the greatest common factor of 67 and 5410183?
67
What is the highest common divisor of 5571 and 918?
9
Calculate the greatest common factor of 209 and 383317.
11
Calculate the greatest common divisor of 176612 and 201.
67
Calculate the highest common factor of 61337 and 747.
83
What is the greatest common factor of 535008 and 96?
96
Calculate the highest common factor of 36 and 361656.
36
Calculate the greatest common factor of 45 and 3448701.
9
What is the highest common factor of 494 and 4893811?
247
Calculate the highest common factor of 447106 and 187.
11
Calculate the greatest common divisor of 1196 and 3373318.
598
Calculate the greatest common factor of 48 and 1425672.
24
Calculate the greatest common divisor of 4991 and 25116.
161
Calculate the highest common factor of 1143 and 29655.
9
What is the highest common factor of 166 and 3820241?
83
Calculate the greatest common divisor of 100 and 1597000.
100
Calculate the highest common divisor of 795 and 1149.
3
Calculate the highest common divisor of 3784 and 135080.
88
Calculate the greatest common divisor of 771680 and 2067.
689
What is the highest common factor of 15929 and 80582?
937
What is the greatest common divisor of 782 and 25534646?
782
What is the greatest common divisor of 1383915 and 75?
15
Calculate the greatest common factor of 2101 and 99.
11
What is the highest common factor of 5550 and 7550?
50
Calculate the highest common factor of 58625 and 15750.
875
Calculate the greatest common factor of 97 and 74981.
97
What is the greatest common factor of 20502 and 288?
18
Calculate the highest common divisor of 214405 and 36305.
685
What is the highest common factor of 919039 and 469?
67
What is the greatest common divisor of 4706 and 938?
2
Calculate the greatest common divisor of 534 and 886.
2
Calculate the greatest common factor of 8903 and 7047.
29
What is the highest common factor of 45 and 1931535?
45
Calculate the highest common factor of 104 and 135304.
104
Calculate the greatest common divisor of 259 and 9998695.
259
Calculate the highest common factor of 112566 and 9636.
438
What is the greatest common factor of 8320 and 23360?
320
What is the highest common factor of 170 and 86105?
85
Calculate the highest common divisor of 284 and 109979.
71
What is the greatest common factor of 290587 and 44?
11
Calculate the greatest common divisor of 299 and 531479.
13
What is the highest common divisor of 25731 and 189?
27
What is the highest common factor of 16154 and 328?
82
Calculate the greatest common factor of 120 and 16040.
40
What is the highest common divisor of 2832 and 442972?
236
Calculate the greatest common divisor of 2963240 and 380.
380
Calculate the greatest common divisor of 288 and 8616.
24
Calculate the highest common divisor of 285 and 152.
19
Calculate the highest common divisor of 52 and 56121.
13
Calculate the greatest common divisor of 13664 and 266.
14
What is the highest common factor of 29666 and 65689?
2119
Calculate the greatest common divisor of 484280 and 10.
10
What is the greatest common factor of 50691 and 326583?
831
What is the highest common divisor of 598587 and 153?
51
What is the greatest common divisor of 3889 and 4?
1
What is the highest common divisor of 367455 and 510?
255
Calculate the highest common factor of 56992 and 20800.
416
Calculate the greatest common divisor of 168 and 8043.
21
What is the greatest common factor of 21924 and 90741?
609
What is the highest common divisor of 1971 and 9271?
73
What is the greatest common factor of 1398 and 5185881?
699
Calculate the highest common factor of 989 and 4601.
43
Calculate the highest common divisor of 11044560 and 408.
408
What is the highest common factor of 19614 and 101806?
934
Calculate the highest common factor of 220 and 244040.
20
What is the highest common divisor of 163 and 24061571?
163
Calculate the highest common divisor of 163042 and 44.
22
Calculate the greatest common divisor of 225969 and 6.
3
Calculate the highest common divisor of 15648 and 148128.
96
What is the highest common divisor of 29380 and 1092?
52
What is the highest common factor of 20504 and 9087?
233
Calculate the highest common divisor of 11266 and 4454.
262
Calculate the highest common divisor of 146730 and 105.
15
What is the greatest common factor of 138880 and 157976?
1736
What is the highest common divisor of 10714954 and 278?
278
What is the greatest common divisor of 1920 and 713280?
960
What is the greatest common factor of 3034902 and 39?
39
What is the greatest common divisor of 393 and 17161?
131
Calculate the greatest common divisor of 220 and 47240.
20
What is the greatest common divisor of 108 and 449658?
54
What is the greatest common divisor of 60131 and 2512?
157
What is the highest common factor of 10674 and 7362?
18
What is the highest common factor of 480 and 40440?
120
What is the highest common factor of 188668 and 2626?
202
What is the highest common factor of 675 and 448025?
25
What is the greatest common divisor of 15 and 33940?
5
Calculate the greatest common divisor of 107520 and 23856.
336
What is the highest common factor of 93 and 217527?
93
What is the highest common factor of 1580 and 19580?
20
Calculate the greatest common divisor of 16697 and 142632.
283
What is the highest common divisor of 11900 and 1120?
140
Calculate the highest common factor of 12328 and 5928.
8
Calculate the highest common divisor of 12990 and 2880.
30
What is the greatest common divisor of 6 and 6921582?
6
What is the greatest common divisor of 13333 and 67?
67
What is the highest common divisor of 808 and 922?
2
What is the highest common factor of 51583 and 413?
7
Calculate the greatest common factor of 2575 and 689276.
103
Calculate the highest common divisor of 33417 and 19.
1
Calculate the highest common divisor of 108108 and 156.
156
What is the highest common factor of 1435 and 10619?
287
Calculate the greatest common divisor of 3367 and 126.
7
What is the greatest common factor of 1809607 and 721?
103
What is the highest common factor of 708 and 756?
12
What is the greatest common divisor of 78 and 84504?
6
Calculate the greatest common divisor of 5 and 29335.
5
What is the greatest common divisor of 4016 and 12801?
251
What is the highest common divisor of 2816 and 768240?
176
Calculate the greatest common divisor of 6223 and 1143.
127
Calculate the highest common factor of 555084 and 2448.
612
What is the highest common divisor of 14016 and 1728?
192
Calculate the highest common factor of 2214 and 6534.
54
Calculate the highest common factor of 989043 and 129.
129
What is the greatest common factor of 6156 and 402876?
684
Calculate the greatest common factor of 52 and 3095768.
52
What is the highest common divisor of 9624884 and 74?
74
Calculate the highest common factor of 403 and 15159.
31
Calculate the highest common factor of 75727 and 123.
41
Calculate the highest common divisor of 452808 and 24.
24
Calculate the greatest common divisor of 6882 and 186.
186
Calculate the highest common divisor of 513 and 531316.
19
What is the greatest common divisor of 73072 and 14?
2
Calculate the greatest common divisor of 1414 and 112514.
202
What is the greatest common factor of 1524 and 10284?
12
What is the highest common divisor of 56 and 11208?
8
Calculate the highest common divisor of 57293 and 30475.
1219
What is the greatest common factor of 68 and 66436?
68
Calculate the highest common factor of 8482055 and 115.
115
What is the greatest common factor of 663 and 88400?
221
What is the greatest common divisor of 574 and 2009?
287
What is the greatest common divisor of 15 and 1751265?
15
What is